{"id":33194,"date":"2025-09-03T10:30:43","date_gmt":"2025-09-03T08:30:43","guid":{"rendered":"https:\/\/naider.com\/naiderlab\/europa-en-la-encrucijada\/"},"modified":"2025-09-03T14:31:38","modified_gmt":"2025-09-03T12:31:38","slug":"europa-en-la-encrucijada","status":"publish","type":"naiderlab","link":"https:\/\/naider.com\/eu\/naiderlab\/ezagutza\/adituen-analisia\/europa-en-la-encrucijada\/","title":{"rendered":"Europa bidegurutzean"},"content":{"rendered":"\n<p>Europa une zaurgarrian bizi da. Hamarkadetan zehar integrazio politikoa, lankidetza ekonomikoa eta inspirazio etikoa izan zena, gaur nahasmen batean murgilduta dirudi, nazioarteko kontzertuan bere ahotsa lausotuz. Potentzia zibilaren rola \u2014multilateralismoaren, iraunkortasunaren eta giza eskubideen aldekoa\u2014 kanpotik zein barrutik erronka handien aurrean dago.<\/p>\n\n\n\n<div class=\"wp-block-columns is-layout-flex wp-container-core-columns-is-layout-9d6595d7 wp-block-columns-is-layout-flex\">\n<div class=\"wp-block-column is-layout-flow wp-block-column-is-layout-flow\" style=\"flex-basis:33.33%\">\n<blockquote class=\"wp-block-quote is-layout-flow wp-block-quote-is-layout-flow\">\n<p><em>\u201cEs precisamente en los momentos de encrucijada cuando m\u00e1s se necesita la valent\u00eda c\u00edvica, la acci\u00f3n transformadora y el compromiso de cada un@. Porque es desde cada ciudad, cada territorio, cada comunidad, desde donde puede volver a encenderse la luz de Europa\u201d<\/em><\/p>\n<\/blockquote>\n<\/div>\n\n\n\n<div class=\"wp-block-column is-layout-flow wp-block-column-is-layout-flow\" style=\"flex-basis:66.66%\">\n<p>Mundua berriz multipolarra bilakatzen ari da: Estatu Batuak bere baitan uzkurtzen dira, Von der Leyen akordio komertzial ezinezkoekin izutuz. Txinak, berriz, bere erritmo ekonomiko eta teknologikoa inposatzen du, Europako idealari dagozkion baldintza etikoetatik urrun. Aldi berean, diskurtso autoritarioen aurrerapenak demokraziaren balioak higatzen ditu: lankidetza, elkartasuna, aniztasuna, zuzenbide estatua.<\/p>\n\n\n\n<p>Europako lehiakortasuna ahultzen ari da. Ekintza klimatikoa, non Europa aitzindari izan zen, interes energetiko laburrek geldiarazten dute. Berrikuntza teknologikoa moteldu egiten da. Eta larriagoa dena: kontakizun partekatua pitzatzen hasi da.<\/p>\n\n\n\n<p>Gazako izuaren aurrean pasibitatea, giza eskubideen defentsan epeltasuna eta eskuin muturraren gorakadaren aurrean paralisiak zalantzati ageri den Europa marrazten dute; gotortu egiten dena, bere espiritu fundatzailea traizionatzear dagoena.<\/p>\n<\/div>\n<\/div>\n\n\n\n<p>Baina Benedettik zioen bezala: ez gara errenditzen. <em>Hotzak erre arren, beldurrak kosk egin arren, eguzkia ezkutatu eta haizea isildu arren, badago oraindik sua<\/em> Europako ariman, bizitza dago bere ametsen baitan. <em>Egun bakoitza hasiera da, eta hau da ordua, une onena.<\/em><\/p>\n\n\n\n<p>Argitalpen honek ahalegin horren parte bat biltzen du: ez errenditzeko konpromisoarena. Aldaketarako prozesuak bultzatzen dituzten ausartak erakusten ditugu. Klima-planifikaziotik ezagutzaren ekonomiara; tokiko berrikuntza-komunitateetatik hiri-eredu jasangarrienera.<\/p>\n\n\n\n<p>Hain zuzen ere, bidegurutzean gauden une hauetan beharrezkoagoa da ausardia zibikoa, ekintza eraldatzailea eta norberaren konpromisoa. Izan ere, hiri bakoitzetik, lurralde bakoitzetik, komunitate bakoitzetik piztuko da berriro Europako argia.<\/p>\n\n\n<style>.wp-block-kadence-spacer.kt-block-spacer-33194_d7be6e-f3 .kt-block-spacer{height:60px;}.wp-block-kadence-spacer.kt-block-spacer-33194_d7be6e-f3 .kt-divider{border-top-width:1px;height:1px;border-top-color:#eee;width:80%;border-top-style:solid;}<\/style>\n<div class=\"wp-block-kadence-spacer aligncenter kt-block-spacer-33194_d7be6e-f3\"><div class=\"kt-block-spacer kt-block-spacer-halign-center\"><hr class=\"kt-divider\"\/><\/div><\/div>\n\n\n\n<p><em><a href=\"https:\/\/naider.com\/eu\/naiderlab\/argitalpenak\/naider-2025-3-europa-en-la-encrucijada\/\">Udako argitalpenaren editoriala<\/a>, honekin eta trantsizio-gako gehiagorekin.<\/em><\/p>\n","protected":false},"excerpt":{"rendered":"<p>Europa une zaurgarrian bizi da. Hamarkadetan zehar integrazio politikoa, lankidetza ekonomikoa eta inspirazio etikoa izan zena, gaur nahasmen batean murgilduta dirudi, nazioarteko kontzertuan bere ahotsa lausotuz. Potentzia zibilaren rola \u2014multilateralismoaren, iraunkortasunaren eta giza eskubideen aldekoa\u2014 kanpotik zein barrutik erronka handien aurrean dago. \u201cEs precisamente en los momentos de encrucijada cuando m\u00e1s se necesita la valent\u00eda&#8230;<\/p>\n","protected":false},"author":1,"featured_media":32886,"template":"","meta":{"_kad_blocks_custom_css":"","_kad_blocks_head_custom_js":"","_kad_blocks_body_custom_js":"","_kad_blocks_footer_custom_js":"","_kad_post_transparent":"","_kad_post_title":"","_kad_post_layout":"","_kad_post_sidebar_id":"","_kad_post_content_style":"","_kad_post_vertical_padding":"","_kad_post_feature":"","_kad_post_feature_position":"","_kad_post_header":false,"_kad_post_footer":false,"_kad_post_classname":""},"hashtag-lab":[5030,5029,5031],"naiderlab_tag":[143],"naiderlab_category":[129],"ppma_author":[984],"class_list":["post-33194","naiderlab","type-naiderlab","status-publish","has-post-thumbnail","hentry","hashtag-lab-editoriala","hashtag-lab-ekintza-eraldatzailea","hashtag-lab-konpromezua","naiderlab_tag-lurralde-estrategia-eta-gobernantza","naiderlab_category-adituen-analisia"],"taxonomy_info":{"hashtag-lab":[{"value":5030,"label":"Editoriala"},{"value":5029,"label":"Ekintza eraldatzailea"},{"value":5031,"label":"Konpromezua"}],"naiderlab_tag":[{"value":143,"label":"Lurralde-estrategia eta gobernantza"}],"naiderlab_category":[{"value":129,"label":"Adituen analisia"}]},"featured_image_src_large":["https:\/\/naider.com\/wp-content\/uploads\/2025\/07\/2025-3-portada-1.png",331,196,false],"author_info":{"display_name":"Naider","author_link":"https:\/\/naider.com\/eu\/author\/sirope-naid3r\/"},"comment_info":"","_links":{"self":[{"href":"https:\/\/naider.com\/eu\/wp-json\/wp\/v2\/naiderlab\/33194","targetHints":{"allow":["GET"]}}],"collection":[{"href":"https:\/\/naider.com\/eu\/wp-json\/wp\/v2\/naiderlab"}],"about":[{"href":"https:\/\/naider.com\/eu\/wp-json\/wp\/v2\/types\/naiderlab"}],"author":[{"embeddable":true,"href":"https:\/\/naider.com\/eu\/wp-json\/wp\/v2\/users\/1"}],"wp:featuredmedia":[{"embeddable":true,"href":"https:\/\/naider.com\/eu\/wp-json\/wp\/v2\/media\/32886"}],"wp:attachment":[{"href":"https:\/\/naider.com\/eu\/wp-json\/wp\/v2\/media?parent=33194"}],"wp:term":[{"taxonomy":"hashtag-lab","embeddable":true,"href":"https:\/\/naider.com\/eu\/wp-json\/wp\/v2\/hashtag-lab?post=33194"},{"taxonomy":"naiderlab_tag","embeddable":true,"href":"https:\/\/naider.com\/eu\/wp-json\/wp\/v2\/naiderlab_tag?post=33194"},{"taxonomy":"naiderlab_category","embeddable":true,"href":"https:\/\/naider.com\/eu\/wp-json\/wp\/v2\/naiderlab_category?post=33194"},{"taxonomy":"author","embeddable":true,"href":"https:\/\/naider.com\/eu\/wp-json\/wp\/v2\/ppma_author?post=33194"}],"curies":[{"name":"wp","href":"https:\/\/api.w.org\/{rel}","templated":true}]}}

<p>Europa une zaurgarrian bizi da. Hamarkadetan zehar integrazio politikoa, lankidetza ekonomikoa eta inspirazio etikoa izan zena, gaur nahasmen batean murgilduta dirudi, nazioarteko kontzertuan bere ahotsa lausotuz. Potentzia zibilaren rola —multilateralismoaren, iraunkortasunaren eta giza eskubideen aldekoa— kanpotik zein barrutik erronka handien aurrean dago.</p>



<div class="wp-block-columns is-layout-flex wp-container-core-columns-is-layout-9d6595d7 wp-block-columns-is-layout-flex">
<div class="wp-block-column is-layout-flow wp-block-column-is-layout-flow" style="flex-basis:33.33%">
<blockquote class="wp-block-quote is-layout-flow wp-block-quote-is-layout-flow">
<p><em>“Es precisamente en los momentos de encrucijada cuando más se necesita la valentía cívica, la acción transformadora y el compromiso de cada un@. Porque es desde cada ciudad, cada territorio, cada comunidad, desde donde puede volver a encenderse la luz de Europa”</em></p>
</blockquote>
</div>



<div class="wp-block-column is-layout-flow wp-block-column-is-layout-flow" style="flex-basis:66.66%">
<p>Mundua berriz multipolarra bilakatzen ari da: Estatu Batuak bere baitan uzkurtzen dira, Von der Leyen akordio komertzial ezinezkoekin izutuz. Txinak, berriz, bere erritmo ekonomiko eta teknologikoa inposatzen du, Europako idealari dagozkion baldintza etikoetatik urrun. Aldi berean, diskurtso autoritarioen aurrerapenak demokraziaren balioak higatzen ditu: lankidetza, elkartasuna, aniztasuna, zuzenbide estatua.</p>



<p>Europako lehiakortasuna ahultzen ari da. Ekintza klimatikoa, non Europa aitzindari izan zen, interes energetiko laburrek geldiarazten dute. Berrikuntza teknologikoa moteldu egiten da. Eta larriagoa dena: kontakizun partekatua pitzatzen hasi da.</p>



<p>Gazako izuaren aurrean pasibitatea, giza eskubideen defentsan epeltasuna eta eskuin muturraren gorakadaren aurrean paralisiak zalantzati ageri den Europa marrazten dute; gotortu egiten dena, bere espiritu fundatzailea traizionatzear dagoena.</p>
</div>
</div>



<p>Baina Benedettik zioen bezala: ez gara errenditzen. <em>Hotzak erre arren, beldurrak kosk egin arren, eguzkia ezkutatu eta haizea isildu arren, badago oraindik sua</em> Europako ariman, bizitza dago bere ametsen baitan. <em>Egun bakoitza hasiera da, eta hau da ordua, une onena.</em></p>



<p>Argitalpen honek ahalegin horren parte bat biltzen du: ez errenditzeko konpromisoarena. Aldaketarako prozesuak bultzatzen dituzten ausartak erakusten ditugu. Klima-planifikaziotik ezagutzaren ekonomiara; tokiko berrikuntza-komunitateetatik hiri-eredu jasangarrienera.</p>



<p>Hain zuzen ere, bidegurutzean gauden une hauetan beharrezkoagoa da ausardia zibikoa, ekintza eraldatzailea eta norberaren konpromisoa. Izan ere, hiri bakoitzetik, lurralde bakoitzetik, komunitate bakoitzetik piztuko da berriro Europako argia.</p>


<style>.wp-block-kadence-spacer.kt-block-spacer-33194_d7be6e-f3 .kt-block-spacer{height:60px;}.wp-block-kadence-spacer.kt-block-spacer-33194_d7be6e-f3 .kt-divider{border-top-width:1px;height:1px;border-top-color:#eee;width:80%;border-top-style:solid;}</style>
<div class="wp-block-kadence-spacer aligncenter kt-block-spacer-33194_d7be6e-f3"><div class="kt-block-spacer kt-block-spacer-halign-center"><hr class="kt-divider"/></div></div>



<p><em><a href="https://naider.com/eu/naiderlab/argitalpenak/naider-2025-3-europa-en-la-encrucijada/">Udako argitalpenaren editoriala</a>, honekin eta trantsizio-gako gehiagorekin.</em></p>

<p>Europa une zaurgarrian bizi da. Hamarkadetan zehar integrazio politikoa, lankidetza ekonomikoa eta inspirazio etikoa izan zena, gaur nahasmen batean murgilduta dirudi, nazioarteko kontzertuan bere ahotsa lausotuz. Potentzia zibilaren rola —multilateralismoaren, iraunkortasunaren eta giza eskubideen aldekoa— kanpotik zein barrutik erronka handien aurrean dago. “Es precisamente en los momentos de encrucijada cuando más se necesita la valentía&#8230;</p>
